{"id":1536,"date":"2020-04-28T09:31:23","date_gmt":"2020-04-28T08:31:23","guid":{"rendered":"https:\/\/shop.crossfitvaskia.com\/?page_id=1536"},"modified":"2023-03-09T13:26:13","modified_gmt":"2023-03-09T12:26:13","slug":"terminos-y-condiciones-de-uso","status":"publish","type":"page","link":"https:\/\/shop.crossfitvaskia.com\/?page_id=1536","title":{"rendered":"T\u00e9rminos y condiciones de uso"},"content":{"rendered":"<div class=\"wpb-content-wrapper\"><p>[vc_row row_type=\u00bbrow\u00bb use_row_as_full_screen_section=\u00bbno\u00bb type=\u00bbfull_width\u00bb angled_section=\u00bbno\u00bb text_align=\u00bbleft\u00bb background_image_as_pattern=\u00bbwithout_pattern\u00bb z_index=\u00bb\u00bb padding_top=\u00bb20&#8243; padding_bottom=\u00bb40&#8243;][vc_column][vc_column_text]T\u00c9RMINOS Y CONDICIONES<\/p>\n<p><strong>PRODUCTOS<\/strong><\/p>\n<p>Todos los productos de CROSSFIT VASKIA contienen una descripci\u00f3n en su correspondiente ficha de producto. Recomendamos leer con atenci\u00f3n toda la informaci\u00f3n facilitada antes de seleccionar el producto. Pueden existir variaciones entre el color del producto al visualizarlo en el monitor de su ordenador o dispositivo m\u00f3vil y su visualizaci\u00f3n en la realidad. No se aceptar\u00e1n cambios o devoluciones porque el color no se ajuste a las expectativas del cliente.<\/p>\n<p>En caso de rotura de stock, error de venta o cualquier otra circunstancia que conlleve la NO disponibilidad del producto comprado, CROSSFIT VASKIA informar\u00e1 al cliente de dicha circunstancia para que pueda elegir entre ampliar el plazo de entrega, cancelar el pedido o seleccionar un producto de similares caracter\u00edsticas y precio.<\/p>\n<p><strong>PRECIOS<\/strong><\/p>\n<p>Los precios mostrados en el sitio web de CROSSFIT VASKIA incluyen I.V.A y son v\u00e1lidos para Pen\u00ednsula y Baleares. Los precios no incluyen los gastos de env\u00edo ni de reembolso. El precio de los productos ser\u00e1 el que se estipule en cada momento en nuestro sitio web, salvo en caso de error manifiesto. A pesar de que intentamos asegurarnos de que todos los precios que figuran en la p\u00e1gina son correctos, pueden producirse errores.<\/p>\n<p>Si descubri\u00e9semos un error en el precio de los productos que Usted ha encargado, le informaremos lo antes posible y le daremos la opci\u00f3n de confirmar su pedido al precio correcto o bien anularlo. En caso de no lograr contactar con Usted, el pedido se considerar\u00e1 cancelado y se le reembolsar\u00e1n \u00edntegramente las cantidades que hubiesen sido abonadas.<\/p>\n<p>No estaremos obligados a suministrarle el\/los producto\/s al precio inferior incorrecto (incluso aunque le hayamos enviado la Confirmaci\u00f3n de Env\u00edo) si el error en el precio es obvio e inequ\u00edvoco y hubiera podido ser reconocido de forma razonable por Usted como precio incorrecto.<\/p>\n<p>El usuario podr\u00e1 acceder a sus facturas desde el \u00e1rea de usuario (<a href=\"http:\/\/halcontiendasdedeporte.com\/historial-compra\">Mis facturas<\/a>), una vez que el producto haya sido entregado en la direcci\u00f3n facilitada.<\/p>\n<p><strong>FORMAS DE PAGO<\/strong><\/p>\n<p><strong>TARJETA DE CR\u00c9DITO\/D\u00c9BITO<\/strong><\/p>\n<p>Puede pagar con su tarjeta VISA, Mastercard, Maestro y Visa Electron a trav\u00e9s de la pasarela de pago seguro.<\/p>\n<p>El sitio web utiliza te\u0301cnicas de seguridad de la informacio\u0301n generalmente aceptada en la industria, tales como firewalls, procedimientos de control de acceso y mecanismos criptogra\u0301ficos, todo ello con el objeto de evitar el acceso no autorizado de datos. Para lograr estos fines, el usuario\/cliente acepta que el prestador obtenga datos para efecto de la correspondiente autenticacio\u0301n de los controles de acceso.<\/p>\n<p><strong>ENV\u00cdOS Y PLAZOS DE ENTREGA<\/strong><\/p>\n<p>Como norma general, los paquetes se env\u00edan dentro de las 24 horas siguientes a la recepci\u00f3n del pago (Excepto los pedidos recibidos en s\u00e1bado, domingo o d\u00edas festivos que se enviar\u00e1n a lo largo del primer d\u00eda laborable).<\/p>\n<p>Los env\u00edos se realizar\u00e1n a trav\u00e9s de los transportistas\u00a0 Correos Express, Tipsa o Nacex, en funci\u00f3n de las opciones de env\u00edo seleccionadas durante la creaci\u00f3n de pedido.<\/p>\n<p>Una vez enviado, el tiempo estimado de entrega es de 24h o 48h. En poblaciones rurales o alejadas de cascos urbanos no es posible garantizar dichos plazos de entrega.<\/p>\n<p>NACIONALES:<\/p>\n<p>Los gastos de env\u00edo son gratuitos para pedidos iguales o superiores a 100<strong>\u20ac<\/strong>.<\/p>\n<p>Para pedidos inferiores gastos de env\u00edo desde 5,99\u20ac<\/p>\n<p>El importe m\u00ednimo para tramitar un pedido es de 10<strong>\u20ac<\/strong>.<\/p>\n<p>Solamente realizamos env\u00edos a\u00a0<strong>Espa\u00f1a pen\u00ednsular<\/strong>\u00a0y\u00a0<strong>Baleares<\/strong>.<\/p>\n<p>Los gastos de env\u00edo incluyen los gastos de manipulaci\u00f3n y empaquetado, as\u00ed como los gastos postales. Aconsejamos que agrupar todos los art\u00edculos en un mismo pedido. No podemos combinar dos pedidos diferentes, y los gastos de env\u00edo se aplicar\u00e1n para cada uno de manera individual. No nos hacemos responsables de los da\u00f1os que pueda sufrir un paquete tras el env\u00edo, pero hacemos todo lo posible para proteger todos los art\u00edculos fr\u00e1giles.<\/p>\n<p>En caso de recibir un producto da\u00f1ado por el transportista, ser\u00e1 necesario ponerse en contacto con CROSSFIT VASKIA dentro de las primeras 24h para poder reclamar la incidencia a la empresa de transporte. De la misma forma es conveniente dejar constancia a la empresa de transporte.<\/p>\n<p>Una vez recibido el pedido, el cliente dispondr\u00e1 de 72 horas para comprobar que se incluyen todos productos del pedido, con las caracter\u00edsticas, tallas y medidas correctas. Pasadas estas 72 horas se dar\u00e1 por aceptado el env\u00edo y no se aceptar\u00e1n reclamaciones por desperfectos o fallos con el env\u00edo.<\/p>\n<p><strong>DEVOLUCIONES<\/strong><\/p>\n<p>En cumplimiento de la Ley 3\/2014, de consumidores y usuarios y ventas a distancia, el cliente podr\u00e1 desistir de la compra realizada en los 14 d\u00edas naturales desde la entrega del producto. Los gastos de transporte originados correr\u00e1n a cargo del cliente. El producto se considerar\u00e1 entregado una vez que el cliente haya firmado el recibo a la empresa de transporte.<\/p>\n<p>Para solicitar la devoluci\u00f3n total o parcial de un pedido debes contactar con CROSSFIT VASKIA.<\/p>\n<p>Todo producto debe ser devuelto en su embalaje original con todos los accesorios que contenga, en perfecto estado y protegida, evitando pegatinas, precintos o cintas adhesivas directamente sobre la superficie o embalaje del art\u00edculo. En caso contrario CROSSFIT VASKIA se reserva el derecho de rechazar la devoluci\u00f3n.<\/p>\n<p>Una vez solicitada la devoluci\u00f3n, el cliente recibir\u00e1 instrucciones detalladas para que nos lo haga llegar los art\u00edculos a nuestras instalaciones.<\/p>\n<p>Los gastos de env\u00edo en las devoluciones ser\u00e1n a cargo del cliente (portes ida y vuelta). En caso de que los portes hubiesen sido gratuitos por haber superado el importe de compra requerido para esta opci\u00f3n, el importe de estos ser\u00e1n a cargo del cliente y se deducir\u00e1n del importe a abonar.<\/p>\n<p>En caso de devoluciones parciales de un pedido que se hab\u00eda beneficiado de gastos de env\u00edo gratuitos, si tras la devoluci\u00f3n el importe del pedido resultante es inferior a la cantidad m\u00ednima para disfrutar de gastos de env\u00edo gratuitos, el cliente deber\u00e1 abonar los gastos de env\u00edo que le habr\u00edan correspondido (portes ida y vuelta).<\/p>\n<p>Si el producto estuviera defectuoso, se le proporcionar\u00e1 al cliente un producto igual o de similares caracter\u00edsticas siempre y cuando no haya sido manipulado ni utilizado. Para ello, ser\u00e1 necesario recoger la totalidad del material de origen antes de 7 d\u00edas, estando la mercanc\u00eda en perfectas condiciones, no habiendo sido manipulada ni alterada, en posesi\u00f3n de todos los pl\u00e1sticos protectores y o embalajes originales.<\/p>\n<p>Si el producto estuviera da\u00f1ado al abrir el paquete, deber\u00e1 ponerse en contacto con nosotros dentro de las 24 horas de recepci\u00f3n del pedido, as\u00ed como avisar a la empresa de transporte para que proceda a su recogida. Recomendamos no retirar los pl\u00e1sticos o embalajes del producto y realizar una fotograf\u00eda del estado de la entrega.<\/p>\n<p><strong>IMPORTANTE<\/strong>: En cualquier caso de devoluci\u00f3n contacten con nosotros a trav\u00e9s de mail\u00a0<u><a href=\"mailto:info@crossfitvaskia.com\">info@crossfitvaskia.com<\/a><\/u> o en el tel\u00e9fono de Atenci\u00f3n al Cliente 626431967 en horario de 08:00h a 16:00h, o env\u00edenos la informaci\u00f3n a trav\u00e9s de nuestro <a href=\"https:\/\/shop.crossfitvaskia.com\/contacto\">formulario de contacto<\/a>\u00a0seleccionando como asunto \u00abDevoluciones\u00bb. La informaci\u00f3n que debe transmitirnos es la siguiente:<\/p>\n<ul>\n<li>Nombre<\/li>\n<li>Apellidos<\/li>\n<li>NIF\/CIF<\/li>\n<li>Fecha del pedido<\/li>\n<li>Referencia del pedido<\/li>\n<li>Su email<\/li>\n<li>Su direcci\u00f3n<\/li>\n<li>Productos que quiere devolver<\/li>\n<\/ul>\n<p><strong>GARANT\u00cdAS<\/strong><\/p>\n<p>CROSSFIT VASKIA ofrece una garant\u00eda de 7 d\u00edas en los productos que comercializa a partir de la fecha de la compra.<\/p>\n<p>Ser\u00e1 necesario conservar la factura para la comprobaci\u00f3n de dicha garant\u00eda, en caso de que la haya extraviado, puede obtener un duplicado accediendo a su panel de usuario o poni\u00e9ndose en contacto con nosotros a trav\u00e9s del correo electr\u00f3nico info@crossfitvaskia.com<\/p>\n<p>Los desperfectos o defectos debidos a una incorrecta manipulaci\u00f3n o utilizaci\u00f3n del material as\u00ed como los desgastes ocasionados por el uso habitual del producto, da por extinguida la garant\u00eda.<\/p>\n<p>El periodo de garant\u00eda ser\u00e1 aplicable, salvo que:<\/p>\n<ul>\n<li>El desperfecto no sea causa de un defecto de fabricaci\u00f3n.<\/li>\n<\/ul>\n<p>[\/vc_column_text][\/vc_column][\/vc_row]<\/p>\n<\/div>","protected":false},"excerpt":{"rendered":"<p>[vc_row row_type=\u00bbrow\u00bb use_row_as_full_screen_section=\u00bbno\u00bb type=\u00bbfull_width\u00bb angled_section=\u00bbno\u00bb text_align=\u00bbleft\u00bb background_image_as_pattern=\u00bbwithout_pattern\u00bb z_index=\u00bb\u00bb padding_top=\u00bb20&#8243; padding_bottom=\u00bb40&#8243;][vc_column][vc_column_text]T\u00c9RMINOS Y CONDICIONES PRODUCTOS Todos los productos de CROSSFIT VASKIA contienen una descripci\u00f3n en su correspondiente ficha de producto. Recomendamos leer con atenci\u00f3n toda la informaci\u00f3n facilitada antes de seleccionar el producto. Pueden existir variaciones entre&#8230;<\/p>\n","protected":false},"author":2,"featured_media":0,"parent":0,"menu_order":51,"comment_status":"closed","ping_status":"closed","template":"","meta":{"footnotes":""},"class_list":["post-1536","page","type-page","status-publish","hentry"],"yoast_head":"<!-- This site is optimized with the Yoast SEO plugin v25.3 - https:\/\/yoast.com\/wordpress\/plugins\/seo\/ -->\n<title>T\u00e9rminos y condiciones de uso - Tienda de CrossFit Vaskia<\/title>\n<meta name=\"robots\" content=\"index, follow, max-snippet:-1, max-image-preview:large, max-video-preview:-1\" \/>\n<link rel=\"canonical\" href=\"https:\/\/shop.crossfitvaskia.com\/?page_id=1536\" \/>\n<meta property=\"og:locale\" content=\"es_ES\" \/>\n<meta property=\"og:type\" content=\"article\" \/>\n<meta property=\"og:title\" content=\"T\u00e9rminos y condiciones de uso - Tienda de CrossFit Vaskia\" \/>\n<meta property=\"og:description\" content=\"[vc_row row_type=\u00bbrow\u00bb use_row_as_full_screen_section=\u00bbno\u00bb type=\u00bbfull_width\u00bb angled_section=\u00bbno\u00bb text_align=\u00bbleft\u00bb background_image_as_pattern=\u00bbwithout_pattern\u00bb z_index=\u00bb\u00bb padding_top=\u00bb20&#8243; padding_bottom=\u00bb40&#8243;][vc_column][vc_column_text]T\u00c9RMINOS Y CONDICIONES PRODUCTOS Todos los productos de CROSSFIT VASKIA contienen una descripci\u00f3n en su correspondiente ficha de producto. Recomendamos leer con atenci\u00f3n toda la informaci\u00f3n facilitada antes de seleccionar el producto. Pueden existir variaciones entre...\" \/>\n<meta property=\"og:url\" content=\"https:\/\/shop.crossfitvaskia.com\/?page_id=1536\" \/>\n<meta property=\"og:site_name\" content=\"Tienda de CrossFit Vaskia\" \/>\n<meta property=\"article:publisher\" content=\"https:\/\/www.facebook.com\/crossfitvaskia\" \/>\n<meta property=\"article:modified_time\" content=\"2023-03-09T12:26:13+00:00\" \/>\n<meta name=\"twitter:card\" content=\"summary_large_image\" \/>\n<meta name=\"twitter:site\" content=\"@crossfitvaskia\" \/>\n<script type=\"application\/ld+json\" class=\"yoast-schema-graph\">{\"@context\":\"https:\/\/schema.org\",\"@graph\":[{\"@type\":\"WebPage\",\"@id\":\"https:\/\/shop.crossfitvaskia.com\/?page_id=1536\",\"url\":\"https:\/\/shop.crossfitvaskia.com\/?page_id=1536\",\"name\":\"T\u00e9rminos y condiciones de uso - Tienda de CrossFit Vaskia\",\"isPartOf\":{\"@id\":\"https:\/\/shop.crossfitvaskia.com\/#website\"},\"datePublished\":\"2020-04-28T08:31:23+00:00\",\"dateModified\":\"2023-03-09T12:26:13+00:00\",\"breadcrumb\":{\"@id\":\"https:\/\/shop.crossfitvaskia.com\/?page_id=1536#breadcrumb\"},\"inLanguage\":\"es\",\"potentialAction\":[{\"@type\":\"ReadAction\",\"target\":[\"https:\/\/shop.crossfitvaskia.com\/?page_id=1536\"]}]},{\"@type\":\"BreadcrumbList\",\"@id\":\"https:\/\/shop.crossfitvaskia.com\/?page_id=1536#breadcrumb\",\"itemListElement\":[{\"@type\":\"ListItem\",\"position\":1,\"name\":\"Portada\",\"item\":\"https:\/\/shop.crossfitvaskia.com\/\"},{\"@type\":\"ListItem\",\"position\":2,\"name\":\"T\u00e9rminos y condiciones de uso\"}]},{\"@type\":\"WebSite\",\"@id\":\"https:\/\/shop.crossfitvaskia.com\/#website\",\"url\":\"https:\/\/shop.crossfitvaskia.com\/\",\"name\":\"Tienda de CrossFit Vaskia\",\"description\":\"Accesorios de CrossFit en el Aljarafe.\",\"publisher\":{\"@id\":\"https:\/\/shop.crossfitvaskia.com\/#organization\"},\"potentialAction\":[{\"@type\":\"SearchAction\",\"target\":{\"@type\":\"EntryPoint\",\"urlTemplate\":\"https:\/\/shop.crossfitvaskia.com\/?s={search_term_string}\"},\"query-input\":{\"@type\":\"PropertyValueSpecification\",\"valueRequired\":true,\"valueName\":\"search_term_string\"}}],\"inLanguage\":\"es\"},{\"@type\":\"Organization\",\"@id\":\"https:\/\/shop.crossfitvaskia.com\/#organization\",\"name\":\"Tienda de CrossFit Vaskia\",\"url\":\"https:\/\/shop.crossfitvaskia.com\/\",\"logo\":{\"@type\":\"ImageObject\",\"inLanguage\":\"es\",\"@id\":\"https:\/\/shop.crossfitvaskia.com\/#\/schema\/logo\/image\/\",\"url\":\"https:\/\/shop.crossfitvaskia.com\/wp-content\/uploads\/sites\/5\/2022\/11\/img-logo-vaskia.png\",\"contentUrl\":\"https:\/\/shop.crossfitvaskia.com\/wp-content\/uploads\/sites\/5\/2022\/11\/img-logo-vaskia.png\",\"width\":657,\"height\":681,\"caption\":\"Tienda de CrossFit Vaskia\"},\"image\":{\"@id\":\"https:\/\/shop.crossfitvaskia.com\/#\/schema\/logo\/image\/\"},\"sameAs\":[\"https:\/\/www.facebook.com\/crossfitvaskia\",\"https:\/\/x.com\/crossfitvaskia\",\"https:\/\/www.instagram.com\/crossfitvaskia\/\",\"https:\/\/www.youtube.com\/c\/CrossfitVaskia\"]}]}<\/script>\n<!-- \/ Yoast SEO plugin. -->","yoast_head_json":{"title":"T\u00e9rminos y condiciones de uso - Tienda de CrossFit Vaskia","robots":{"index":"index","follow":"follow","max-snippet":"max-snippet:-1","max-image-preview":"max-image-preview:large","max-video-preview":"max-video-preview:-1"},"canonical":"https:\/\/shop.crossfitvaskia.com\/?page_id=1536","og_locale":"es_ES","og_type":"article","og_title":"T\u00e9rminos y condiciones de uso - Tienda de CrossFit Vaskia","og_description":"[vc_row row_type=\u00bbrow\u00bb use_row_as_full_screen_section=\u00bbno\u00bb type=\u00bbfull_width\u00bb angled_section=\u00bbno\u00bb text_align=\u00bbleft\u00bb background_image_as_pattern=\u00bbwithout_pattern\u00bb z_index=\u00bb\u00bb padding_top=\u00bb20&#8243; padding_bottom=\u00bb40&#8243;][vc_column][vc_column_text]T\u00c9RMINOS Y CONDICIONES PRODUCTOS Todos los productos de CROSSFIT VASKIA contienen una descripci\u00f3n en su correspondiente ficha de producto. Recomendamos leer con atenci\u00f3n toda la informaci\u00f3n facilitada antes de seleccionar el producto. Pueden existir variaciones entre...","og_url":"https:\/\/shop.crossfitvaskia.com\/?page_id=1536","og_site_name":"Tienda de CrossFit Vaskia","article_publisher":"https:\/\/www.facebook.com\/crossfitvaskia","article_modified_time":"2023-03-09T12:26:13+00:00","twitter_card":"summary_large_image","twitter_site":"@crossfitvaskia","schema":{"@context":"https:\/\/schema.org","@graph":[{"@type":"WebPage","@id":"https:\/\/shop.crossfitvaskia.com\/?page_id=1536","url":"https:\/\/shop.crossfitvaskia.com\/?page_id=1536","name":"T\u00e9rminos y condiciones de uso - Tienda de CrossFit Vaskia","isPartOf":{"@id":"https:\/\/shop.crossfitvaskia.com\/#website"},"datePublished":"2020-04-28T08:31:23+00:00","dateModified":"2023-03-09T12:26:13+00:00","breadcrumb":{"@id":"https:\/\/shop.crossfitvaskia.com\/?page_id=1536#breadcrumb"},"inLanguage":"es","potentialAction":[{"@type":"ReadAction","target":["https:\/\/shop.crossfitvaskia.com\/?page_id=1536"]}]},{"@type":"BreadcrumbList","@id":"https:\/\/shop.crossfitvaskia.com\/?page_id=1536#breadcrumb","itemListElement":[{"@type":"ListItem","position":1,"name":"Portada","item":"https:\/\/shop.crossfitvaskia.com\/"},{"@type":"ListItem","position":2,"name":"T\u00e9rminos y condiciones de uso"}]},{"@type":"WebSite","@id":"https:\/\/shop.crossfitvaskia.com\/#website","url":"https:\/\/shop.crossfitvaskia.com\/","name":"Tienda de CrossFit Vaskia","description":"Accesorios de CrossFit en el Aljarafe.","publisher":{"@id":"https:\/\/shop.crossfitvaskia.com\/#organization"},"potentialAction":[{"@type":"SearchAction","target":{"@type":"EntryPoint","urlTemplate":"https:\/\/shop.crossfitvaskia.com\/?s={search_term_string}"},"query-input":{"@type":"PropertyValueSpecification","valueRequired":true,"valueName":"search_term_string"}}],"inLanguage":"es"},{"@type":"Organization","@id":"https:\/\/shop.crossfitvaskia.com\/#organization","name":"Tienda de CrossFit Vaskia","url":"https:\/\/shop.crossfitvaskia.com\/","logo":{"@type":"ImageObject","inLanguage":"es","@id":"https:\/\/shop.crossfitvaskia.com\/#\/schema\/logo\/image\/","url":"https:\/\/shop.crossfitvaskia.com\/wp-content\/uploads\/sites\/5\/2022\/11\/img-logo-vaskia.png","contentUrl":"https:\/\/shop.crossfitvaskia.com\/wp-content\/uploads\/sites\/5\/2022\/11\/img-logo-vaskia.png","width":657,"height":681,"caption":"Tienda de CrossFit Vaskia"},"image":{"@id":"https:\/\/shop.crossfitvaskia.com\/#\/schema\/logo\/image\/"},"sameAs":["https:\/\/www.facebook.com\/crossfitvaskia","https:\/\/x.com\/crossfitvaskia","https:\/\/www.instagram.com\/crossfitvaskia\/","https:\/\/www.youtube.com\/c\/CrossfitVaskia"]}]}},"jetpack_sharing_enabled":true,"_links":{"self":[{"href":"https:\/\/shop.crossfitvaskia.com\/index.php?rest_route=\/wp\/v2\/pages\/1536","targetHints":{"allow":["GET"]}}],"collection":[{"href":"https:\/\/shop.crossfitvaskia.com\/index.php?rest_route=\/wp\/v2\/pages"}],"about":[{"href":"https:\/\/shop.crossfitvaskia.com\/index.php?rest_route=\/wp\/v2\/types\/page"}],"author":[{"embeddable":true,"href":"https:\/\/shop.crossfitvaskia.com\/index.php?rest_route=\/wp\/v2\/users\/2"}],"replies":[{"embeddable":true,"href":"https:\/\/shop.crossfitvaskia.com\/index.php?rest_route=%2Fwp%2Fv2%2Fcomments&post=1536"}],"version-history":[{"count":12,"href":"https:\/\/shop.crossfitvaskia.com\/index.php?rest_route=\/wp\/v2\/pages\/1536\/revisions"}],"predecessor-version":[{"id":2972,"href":"https:\/\/shop.crossfitvaskia.com\/index.php?rest_route=\/wp\/v2\/pages\/1536\/revisions\/2972"}],"wp:attachment":[{"href":"https:\/\/shop.crossfitvaskia.com\/index.php?rest_route=%2Fwp%2Fv2%2Fmedia&parent=1536"}],"curies":[{"name":"wp","href":"https:\/\/api.w.org\/{rel}","templated":true}]}}