{"id":1538,"date":"2020-04-28T09:38:54","date_gmt":"2020-04-28T08:38:54","guid":{"rendered":"https:\/\/shop.crossfitvaskia.com\/?page_id=1538"},"modified":"2020-05-09T18:08:14","modified_gmt":"2020-05-09T17:08:14","slug":"envios-y-devoluciones","status":"publish","type":"page","link":"https:\/\/shop.crossfitvaskia.com\/?page_id=1538","title":{"rendered":"Env\u00edos y devoluciones"},"content":{"rendered":"<div class=\"wpb-content-wrapper\"><p>[vc_row css_animation=\u00bb\u00bb row_type=\u00bbrow\u00bb use_row_as_full_screen_section=\u00bbno\u00bb type=\u00bbfull_width\u00bb angled_section=\u00bbno\u00bb text_align=\u00bbleft\u00bb background_image_as_pattern=\u00bbwithout_pattern\u00bb z_index=\u00bb\u00bb padding_top=\u00bb20&#8243; padding_bottom=\u00bb40&#8243;][vc_column][vc_column_text]<strong>DEVOLUCIONES<\/strong><\/p>\n<p>En cumplimiento de la Ley 3\/2014, de consumidores y usuarios y ventas a distancia, el cliente podr\u00e1 desistir de la compra realizada en los 14 d\u00edas naturales desde la entrega del producto. Los gastos de transporte originados correr\u00e1n a cargo del cliente. El producto se considerar\u00e1 entregado una vez que el cliente haya firmado el recibo a la empresa de transporte.<\/p>\n<p>Para solicitar la devoluci\u00f3n total o parcial de un pedido debes contactar con CROSSFIT VASKIA.<\/p>\n<p>Todo producto debe ser devuelto en su embalaje original con todos los accesorios que contenga, en perfecto estado y protegida, evitando pegatinas, precintos o cintas adhesivas directamente sobre la superficie o embalaje del art\u00edculo. En caso contrario CROSSFIT VASKIA se reserva el derecho de rechazar la devoluci\u00f3n.<\/p>\n<p>Una vez solicitada la devoluci\u00f3n, el cliente recibir\u00e1 instrucciones detalladas para que nos lo haga llegar los art\u00edculos a nuestras instalaciones.<\/p>\n<p>Los gastos de env\u00edo en las devoluciones (salvo entregas defectuosas) ser\u00e1n a cargo del cliente (portes ida y vuelta). En caso de que los portes hubiesen sido gratuitos por haber superado el importe de compra requerido para esta opci\u00f3n, el importe de estos ser\u00e1n a cargo del cliente y se deducir\u00e1n del importe a abonar.<\/p>\n<p>En caso de devoluciones parciales de un pedido que se hab\u00eda beneficiado de gastos de env\u00edo gratuitos, si tras la devoluci\u00f3n el importe del pedido resultante es inferior a la cantidad m\u00ednima para disfrutar de gastos de env\u00edo gratuitos, el cliente deber\u00e1 abonar los gastos de env\u00edo que le habr\u00edan correspondido (portes ida y vuelta).<\/p>\n<p>Si el producto estuviera defectuoso, se le proporcionar\u00e1 al cliente un producto igual o de similares caracter\u00edsticas siempre y cuando no haya sido manipulado ni utilizado. Para ello, ser\u00e1 necesario recoger la totalidad del material de origen antes de 7 d\u00edas, estando la mercanc\u00eda en perfectas condiciones, no habiendo sido manipulada ni alterada, en posesi\u00f3n de todos los pl\u00e1sticos protectores y o embalajes originales.<\/p>\n<p>Si el producto estuviera da\u00f1ado al abrir el paquete, deber\u00e1 ponerse en contacto con nosotros dentro de las 24 horas de recepci\u00f3n del pedido, as\u00ed como avisar a la empresa de transporte para que proceda a su recogida. Recomendamos no retirar los pl\u00e1sticos o embalajes del producto y realizar una fotograf\u00eda del estado de la entrega.<\/p>\n<p><strong>IMPORTANTE<\/strong>: En cualquier caso de devoluci\u00f3n contacten con nosotros a trav\u00e9s de mail\u00a0<u><a href=\"mailto:info@crossfitvaskia.com\">info@crossfitvaskia.com<\/a><\/u>\u00a0o en el tel\u00e9fono de Atenci\u00f3n al Cliente\u00a0XXXX, o env\u00edenos la informaci\u00f3n a trav\u00e9s de nuestro\u00a0<a href=\"https:\/\/shop.crossfitvaskia.com\/contacto\">formulario de contacto<\/a>\u00a0seleccionando como asunto \u00abDevoluciones\u00bb. La informaci\u00f3n que debe transmitirnos es la siguiente:<\/p>\n<ul>\n<li>Nombre<\/li>\n<li>Apellidos<\/li>\n<li>NIF\/CIF<\/li>\n<li>Fecha del pedido<\/li>\n<li>Referencia del pedido<\/li>\n<li>Su email<\/li>\n<li>Su direcci\u00f3n<\/li>\n<li>Productos que quiere devolver<\/li>\n<\/ul>\n<p>[\/vc_column_text][\/vc_column][\/vc_row]<\/p>\n<\/div>","protected":false},"excerpt":{"rendered":"<p>[vc_row css_animation=\u00bb\u00bb row_type=\u00bbrow\u00bb use_row_as_full_screen_section=\u00bbno\u00bb type=\u00bbfull_width\u00bb angled_section=\u00bbno\u00bb text_align=\u00bbleft\u00bb background_image_as_pattern=\u00bbwithout_pattern\u00bb z_index=\u00bb\u00bb padding_top=\u00bb20&#8243; padding_bottom=\u00bb40&#8243;][vc_column][vc_column_text]DEVOLUCIONES En cumplimiento de la Ley 3\/2014, de consumidores y usuarios y ventas a distancia, el cliente podr\u00e1 desistir de la compra realizada en los 14 d\u00edas naturales desde la entrega del producto. Los gastos&#8230;<\/p>\n","protected":false},"author":2,"featured_media":0,"parent":0,"menu_order":52,"comment_status":"closed","ping_status":"closed","template":"","meta":{"footnotes":""},"class_list":["post-1538","page","type-page","status-publish","hentry"],"yoast_head":"<!-- This site is optimized with the Yoast SEO plugin v25.3 - https:\/\/yoast.com\/wordpress\/plugins\/seo\/ -->\n<title>Env\u00edos y devoluciones - Tienda de CrossFit Vaskia<\/title>\n<meta name=\"robots\" content=\"index, follow, max-snippet:-1, max-image-preview:large, max-video-preview:-1\" \/>\n<link rel=\"canonical\" href=\"https:\/\/shop.crossfitvaskia.com\/?page_id=1538\" \/>\n<meta property=\"og:locale\" content=\"es_ES\" \/>\n<meta property=\"og:type\" content=\"article\" \/>\n<meta property=\"og:title\" content=\"Env\u00edos y devoluciones - Tienda de CrossFit Vaskia\" \/>\n<meta property=\"og:description\" content=\"[vc_row css_animation=\u00bb\u00bb row_type=\u00bbrow\u00bb use_row_as_full_screen_section=\u00bbno\u00bb type=\u00bbfull_width\u00bb angled_section=\u00bbno\u00bb text_align=\u00bbleft\u00bb background_image_as_pattern=\u00bbwithout_pattern\u00bb z_index=\u00bb\u00bb padding_top=\u00bb20&#8243; padding_bottom=\u00bb40&#8243;][vc_column][vc_column_text]DEVOLUCIONES En cumplimiento de la Ley 3\/2014, de consumidores y usuarios y ventas a distancia, el cliente podr\u00e1 desistir de la compra realizada en los 14 d\u00edas naturales desde la entrega del producto. Los gastos...\" \/>\n<meta property=\"og:url\" content=\"https:\/\/shop.crossfitvaskia.com\/?page_id=1538\" \/>\n<meta property=\"og:site_name\" content=\"Tienda de CrossFit Vaskia\" \/>\n<meta property=\"article:publisher\" content=\"https:\/\/www.facebook.com\/crossfitvaskia\" \/>\n<meta property=\"article:modified_time\" content=\"2020-05-09T17:08:14+00:00\" \/>\n<meta name=\"twitter:card\" content=\"summary_large_image\" \/>\n<meta name=\"twitter:site\" content=\"@crossfitvaskia\" \/>\n<script type=\"application\/ld+json\" class=\"yoast-schema-graph\">{\"@context\":\"https:\/\/schema.org\",\"@graph\":[{\"@type\":\"WebPage\",\"@id\":\"https:\/\/shop.crossfitvaskia.com\/?page_id=1538\",\"url\":\"https:\/\/shop.crossfitvaskia.com\/?page_id=1538\",\"name\":\"Env\u00edos y devoluciones - Tienda de CrossFit Vaskia\",\"isPartOf\":{\"@id\":\"https:\/\/shop.crossfitvaskia.com\/#website\"},\"datePublished\":\"2020-04-28T08:38:54+00:00\",\"dateModified\":\"2020-05-09T17:08:14+00:00\",\"breadcrumb\":{\"@id\":\"https:\/\/shop.crossfitvaskia.com\/?page_id=1538#breadcrumb\"},\"inLanguage\":\"es\",\"potentialAction\":[{\"@type\":\"ReadAction\",\"target\":[\"https:\/\/shop.crossfitvaskia.com\/?page_id=1538\"]}]},{\"@type\":\"BreadcrumbList\",\"@id\":\"https:\/\/shop.crossfitvaskia.com\/?page_id=1538#breadcrumb\",\"itemListElement\":[{\"@type\":\"ListItem\",\"position\":1,\"name\":\"Portada\",\"item\":\"https:\/\/shop.crossfitvaskia.com\/\"},{\"@type\":\"ListItem\",\"position\":2,\"name\":\"Env\u00edos y devoluciones\"}]},{\"@type\":\"WebSite\",\"@id\":\"https:\/\/shop.crossfitvaskia.com\/#website\",\"url\":\"https:\/\/shop.crossfitvaskia.com\/\",\"name\":\"Tienda de CrossFit Vaskia\",\"description\":\"Accesorios de CrossFit en el Aljarafe.\",\"publisher\":{\"@id\":\"https:\/\/shop.crossfitvaskia.com\/#organization\"},\"potentialAction\":[{\"@type\":\"SearchAction\",\"target\":{\"@type\":\"EntryPoint\",\"urlTemplate\":\"https:\/\/shop.crossfitvaskia.com\/?s={search_term_string}\"},\"query-input\":{\"@type\":\"PropertyValueSpecification\",\"valueRequired\":true,\"valueName\":\"search_term_string\"}}],\"inLanguage\":\"es\"},{\"@type\":\"Organization\",\"@id\":\"https:\/\/shop.crossfitvaskia.com\/#organization\",\"name\":\"Tienda de CrossFit Vaskia\",\"url\":\"https:\/\/shop.crossfitvaskia.com\/\",\"logo\":{\"@type\":\"ImageObject\",\"inLanguage\":\"es\",\"@id\":\"https:\/\/shop.crossfitvaskia.com\/#\/schema\/logo\/image\/\",\"url\":\"https:\/\/shop.crossfitvaskia.com\/wp-content\/uploads\/sites\/5\/2022\/11\/img-logo-vaskia.png\",\"contentUrl\":\"https:\/\/shop.crossfitvaskia.com\/wp-content\/uploads\/sites\/5\/2022\/11\/img-logo-vaskia.png\",\"width\":657,\"height\":681,\"caption\":\"Tienda de CrossFit Vaskia\"},\"image\":{\"@id\":\"https:\/\/shop.crossfitvaskia.com\/#\/schema\/logo\/image\/\"},\"sameAs\":[\"https:\/\/www.facebook.com\/crossfitvaskia\",\"https:\/\/x.com\/crossfitvaskia\",\"https:\/\/www.instagram.com\/crossfitvaskia\/\",\"https:\/\/www.youtube.com\/c\/CrossfitVaskia\"]}]}<\/script>\n<!-- \/ Yoast SEO plugin. -->","yoast_head_json":{"title":"Env\u00edos y devoluciones - Tienda de CrossFit Vaskia","robots":{"index":"index","follow":"follow","max-snippet":"max-snippet:-1","max-image-preview":"max-image-preview:large","max-video-preview":"max-video-preview:-1"},"canonical":"https:\/\/shop.crossfitvaskia.com\/?page_id=1538","og_locale":"es_ES","og_type":"article","og_title":"Env\u00edos y devoluciones - Tienda de CrossFit Vaskia","og_description":"[vc_row css_animation=\u00bb\u00bb row_type=\u00bbrow\u00bb use_row_as_full_screen_section=\u00bbno\u00bb type=\u00bbfull_width\u00bb angled_section=\u00bbno\u00bb text_align=\u00bbleft\u00bb background_image_as_pattern=\u00bbwithout_pattern\u00bb z_index=\u00bb\u00bb padding_top=\u00bb20&#8243; padding_bottom=\u00bb40&#8243;][vc_column][vc_column_text]DEVOLUCIONES En cumplimiento de la Ley 3\/2014, de consumidores y usuarios y ventas a distancia, el cliente podr\u00e1 desistir de la compra realizada en los 14 d\u00edas naturales desde la entrega del producto. Los gastos...","og_url":"https:\/\/shop.crossfitvaskia.com\/?page_id=1538","og_site_name":"Tienda de CrossFit Vaskia","article_publisher":"https:\/\/www.facebook.com\/crossfitvaskia","article_modified_time":"2020-05-09T17:08:14+00:00","twitter_card":"summary_large_image","twitter_site":"@crossfitvaskia","schema":{"@context":"https:\/\/schema.org","@graph":[{"@type":"WebPage","@id":"https:\/\/shop.crossfitvaskia.com\/?page_id=1538","url":"https:\/\/shop.crossfitvaskia.com\/?page_id=1538","name":"Env\u00edos y devoluciones - Tienda de CrossFit Vaskia","isPartOf":{"@id":"https:\/\/shop.crossfitvaskia.com\/#website"},"datePublished":"2020-04-28T08:38:54+00:00","dateModified":"2020-05-09T17:08:14+00:00","breadcrumb":{"@id":"https:\/\/shop.crossfitvaskia.com\/?page_id=1538#breadcrumb"},"inLanguage":"es","potentialAction":[{"@type":"ReadAction","target":["https:\/\/shop.crossfitvaskia.com\/?page_id=1538"]}]},{"@type":"BreadcrumbList","@id":"https:\/\/shop.crossfitvaskia.com\/?page_id=1538#breadcrumb","itemListElement":[{"@type":"ListItem","position":1,"name":"Portada","item":"https:\/\/shop.crossfitvaskia.com\/"},{"@type":"ListItem","position":2,"name":"Env\u00edos y devoluciones"}]},{"@type":"WebSite","@id":"https:\/\/shop.crossfitvaskia.com\/#website","url":"https:\/\/shop.crossfitvaskia.com\/","name":"Tienda de CrossFit Vaskia","description":"Accesorios de CrossFit en el Aljarafe.","publisher":{"@id":"https:\/\/shop.crossfitvaskia.com\/#organization"},"potentialAction":[{"@type":"SearchAction","target":{"@type":"EntryPoint","urlTemplate":"https:\/\/shop.crossfitvaskia.com\/?s={search_term_string}"},"query-input":{"@type":"PropertyValueSpecification","valueRequired":true,"valueName":"search_term_string"}}],"inLanguage":"es"},{"@type":"Organization","@id":"https:\/\/shop.crossfitvaskia.com\/#organization","name":"Tienda de CrossFit Vaskia","url":"https:\/\/shop.crossfitvaskia.com\/","logo":{"@type":"ImageObject","inLanguage":"es","@id":"https:\/\/shop.crossfitvaskia.com\/#\/schema\/logo\/image\/","url":"https:\/\/shop.crossfitvaskia.com\/wp-content\/uploads\/sites\/5\/2022\/11\/img-logo-vaskia.png","contentUrl":"https:\/\/shop.crossfitvaskia.com\/wp-content\/uploads\/sites\/5\/2022\/11\/img-logo-vaskia.png","width":657,"height":681,"caption":"Tienda de CrossFit Vaskia"},"image":{"@id":"https:\/\/shop.crossfitvaskia.com\/#\/schema\/logo\/image\/"},"sameAs":["https:\/\/www.facebook.com\/crossfitvaskia","https:\/\/x.com\/crossfitvaskia","https:\/\/www.instagram.com\/crossfitvaskia\/","https:\/\/www.youtube.com\/c\/CrossfitVaskia"]}]}},"jetpack_sharing_enabled":true,"_links":{"self":[{"href":"https:\/\/shop.crossfitvaskia.com\/index.php?rest_route=\/wp\/v2\/pages\/1538","targetHints":{"allow":["GET"]}}],"collection":[{"href":"https:\/\/shop.crossfitvaskia.com\/index.php?rest_route=\/wp\/v2\/pages"}],"about":[{"href":"https:\/\/shop.crossfitvaskia.com\/index.php?rest_route=\/wp\/v2\/types\/page"}],"author":[{"embeddable":true,"href":"https:\/\/shop.crossfitvaskia.com\/index.php?rest_route=\/wp\/v2\/users\/2"}],"replies":[{"embeddable":true,"href":"https:\/\/shop.crossfitvaskia.com\/index.php?rest_route=%2Fwp%2Fv2%2Fcomments&post=1538"}],"version-history":[{"count":4,"href":"https:\/\/shop.crossfitvaskia.com\/index.php?rest_route=\/wp\/v2\/pages\/1538\/revisions"}],"predecessor-version":[{"id":1834,"href":"https:\/\/shop.crossfitvaskia.com\/index.php?rest_route=\/wp\/v2\/pages\/1538\/revisions\/1834"}],"wp:attachment":[{"href":"https:\/\/shop.crossfitvaskia.com\/index.php?rest_route=%2Fwp%2Fv2%2Fmedia&parent=1538"}],"curies":[{"name":"wp","href":"https:\/\/api.w.org\/{rel}","templated":true}]}}