{"id":2942,"date":"2023-03-08T21:00:09","date_gmt":"2023-03-08T20:00:09","guid":{"rendered":"https:\/\/shop.crossfitvaskia.com\/?post_type=product&#038;p=2942"},"modified":"2025-11-24T09:55:10","modified_gmt":"2025-11-24T08:55:10","slug":"rodilleras-hex-tech-picsil","status":"publish","type":"product","link":"https:\/\/shop.crossfitvaskia.com\/?product=rodilleras-hex-tech-picsil","title":{"rendered":"Rodilleras Hex Tech  | PICSIL"},"content":{"rendered":"<p><span data-contrast=\"auto\">Las Rodilleras Hex Tech de 5mm son unas rodilleras deportivas con Tecnolog\u00eda Hex Tech aplicada sobre el neopreno para una mayor sujeci\u00f3n del tend\u00f3n rotuliano. Su tejido de neopreno CR aporta seguridad y firmeza, y cuentan con costuras de alta resistencia y durabilidad.<\/span><span data-ccp-props=\"{&quot;201341983&quot;:0,&quot;335559739&quot;:160,&quot;335559740&quot;:259}\">\u00a0<\/span><\/p>\n<p><span data-contrast=\"auto\">La versi\u00f3n 0.2 de las rodilleras Hex Tech cuentan con un dise\u00f1o mejorado con tiras de goma que aportan un mayor agarre y sujeci\u00f3n, evitando de esta manera que se deslicen por la pierna mientras haces ejercicio.\u00a0<\/span><span data-ccp-props=\"{&quot;134233117&quot;:false,&quot;134233118&quot;:false,&quot;201341983&quot;:0,&quot;335551550&quot;:1,&quot;335551620&quot;:1,&quot;335559685&quot;:0,&quot;335559737&quot;:0,&quot;335559738&quot;:0,&quot;335559739&quot;:160,&quot;335559740&quot;:259}\">\u00a0<\/span><\/p>\n<p><span data-contrast=\"auto\">*Se venden en pares.<\/span><\/p>\n<h3><span data-contrast=\"auto\">Caracter\u00edsticas t\u00e9cnicas<\/span><\/h3>\n<ul>\n<li data-aria-level=\"1\" data-aria-posinset=\"1\" data-list-defn-props=\"{&quot;335552541&quot;:1,&quot;335559684&quot;:-2,&quot;335559685&quot;:720,&quot;335559991&quot;:360,&quot;469769226&quot;:&quot;Symbol&quot;,&quot;469769242&quot;:[8226],&quot;469777803&quot;:&quot;left&quot;,&quot;469777804&quot;:&quot;\uf0b7&quot;,&quot;469777815&quot;:&quot;hybridMultilevel&quot;}\" data-listid=\"2\" data-font=\"Symbol\" data-leveltext=\"\uf0b7\"><span data-contrast=\"auto\">Rodilleras deportivas<\/span><span data-ccp-props=\"{&quot;201341983&quot;:0,&quot;335559739&quot;:160,&quot;335559740&quot;:259}\">\u00a0<\/span><\/li>\n<li data-aria-level=\"1\" data-aria-posinset=\"2\" data-list-defn-props=\"{&quot;335552541&quot;:1,&quot;335559684&quot;:-2,&quot;335559685&quot;:720,&quot;335559991&quot;:360,&quot;469769226&quot;:&quot;Symbol&quot;,&quot;469769242&quot;:[8226],&quot;469777803&quot;:&quot;left&quot;,&quot;469777804&quot;:&quot;\uf0b7&quot;,&quot;469777815&quot;:&quot;hybridMultilevel&quot;}\" data-listid=\"2\" data-font=\"Symbol\" data-leveltext=\"\uf0b7\"><span data-contrast=\"auto\">Fabricadas con neopreno CR<\/span><span data-ccp-props=\"{&quot;201341983&quot;:0,&quot;335559739&quot;:160,&quot;335559740&quot;:259}\">\u00a0<\/span><\/li>\n<li data-aria-level=\"1\" data-aria-posinset=\"3\" data-list-defn-props=\"{&quot;335552541&quot;:1,&quot;335559684&quot;:-2,&quot;335559685&quot;:720,&quot;335559991&quot;:360,&quot;469769226&quot;:&quot;Symbol&quot;,&quot;469769242&quot;:[8226],&quot;469777803&quot;:&quot;left&quot;,&quot;469777804&quot;:&quot;\uf0b7&quot;,&quot;469777815&quot;:&quot;hybridMultilevel&quot;}\" data-listid=\"2\" data-font=\"Symbol\" data-leveltext=\"\uf0b7\"><span data-contrast=\"auto\">Costuras de alta resistencia<\/span><span data-ccp-props=\"{&quot;201341983&quot;:0,&quot;335559739&quot;:160,&quot;335559740&quot;:259}\">\u00a0<\/span><\/li>\n<li data-aria-level=\"1\" data-aria-posinset=\"1\" data-list-defn-props=\"{&quot;335552541&quot;:1,&quot;335559684&quot;:-2,&quot;335559685&quot;:720,&quot;335559991&quot;:360,&quot;469769226&quot;:&quot;Symbol&quot;,&quot;469769242&quot;:[8226],&quot;469777803&quot;:&quot;left&quot;,&quot;469777804&quot;:&quot;\uf0b7&quot;,&quot;469777815&quot;:&quot;hybridMultilevel&quot;}\" data-listid=\"2\" data-font=\"Symbol\" data-leveltext=\"\uf0b7\"><span data-contrast=\"auto\">Nuevo dise\u00f1o<\/span><span data-ccp-props=\"{&quot;201341983&quot;:0,&quot;335559739&quot;:160,&quot;335559740&quot;:259}\">\u00a0<\/span><\/li>\n<li data-aria-level=\"1\" data-aria-posinset=\"2\" data-list-defn-props=\"{&quot;335552541&quot;:1,&quot;335559684&quot;:-2,&quot;335559685&quot;:720,&quot;335559991&quot;:360,&quot;469769226&quot;:&quot;Symbol&quot;,&quot;469769242&quot;:[8226],&quot;469777803&quot;:&quot;left&quot;,&quot;469777804&quot;:&quot;\uf0b7&quot;,&quot;469777815&quot;:&quot;hybridMultilevel&quot;}\" data-listid=\"2\" data-font=\"Symbol\" data-leveltext=\"\uf0b7\"><span data-contrast=\"auto\">Tecnolog\u00eda Hex Tech con mayor soporte del tend\u00f3n rotuliano<\/span><span data-ccp-props=\"{&quot;201341983&quot;:0,&quot;335559739&quot;:160,&quot;335559740&quot;:259}\">\u00a0<\/span><\/li>\n<li data-aria-level=\"1\" data-aria-posinset=\"3\" data-list-defn-props=\"{&quot;335552541&quot;:1,&quot;335559684&quot;:-2,&quot;335559685&quot;:720,&quot;335559991&quot;:360,&quot;469769226&quot;:&quot;Symbol&quot;,&quot;469769242&quot;:[8226],&quot;469777803&quot;:&quot;left&quot;,&quot;469777804&quot;:&quot;\uf0b7&quot;,&quot;469777815&quot;:&quot;hybridMultilevel&quot;}\" data-listid=\"2\" data-font=\"Symbol\" data-leveltext=\"\uf0b7\"><span data-contrast=\"auto\">Tiras de goma que evitan que se deslicen<\/span><span data-ccp-props=\"{&quot;201341983&quot;:0,&quot;335559739&quot;:160,&quot;335559740&quot;:259}\">\u00a0<\/span><\/li>\n<li data-aria-level=\"1\" data-aria-posinset=\"4\" data-list-defn-props=\"{&quot;335552541&quot;:1,&quot;335559684&quot;:-2,&quot;335559685&quot;:720,&quot;335559991&quot;:360,&quot;469769226&quot;:&quot;Symbol&quot;,&quot;469769242&quot;:[8226],&quot;469777803&quot;:&quot;left&quot;,&quot;469777804&quot;:&quot;\uf0b7&quot;,&quot;469777815&quot;:&quot;hybridMultilevel&quot;}\" data-listid=\"2\" data-font=\"Symbol\" data-leveltext=\"\uf0b7\"><span data-contrast=\"auto\">Panel de malla que aporta mayor durabilidad<\/span><span data-ccp-props=\"{&quot;201341983&quot;:0,&quot;335559739&quot;:160,&quot;335559740&quot;:259}\">\u00a0<\/span><\/li>\n<li data-aria-level=\"1\" data-aria-posinset=\"5\" data-list-defn-props=\"{&quot;335552541&quot;:1,&quot;335559684&quot;:-2,&quot;335559685&quot;:720,&quot;335559991&quot;:360,&quot;469769226&quot;:&quot;Symbol&quot;,&quot;469769242&quot;:[8226],&quot;469777803&quot;:&quot;left&quot;,&quot;469777804&quot;:&quot;\uf0b7&quot;,&quot;469777815&quot;:&quot;hybridMultilevel&quot;}\" data-listid=\"2\" data-font=\"Symbol\" data-leveltext=\"\uf0b7\"><span data-contrast=\"auto\">Disponibles en 5 mm de grosor<\/span><span data-ccp-props=\"{&quot;201341983&quot;:0,&quot;335559739&quot;:160,&quot;335559740&quot;:259}\">\u00a0<\/span><\/li>\n<li data-aria-level=\"1\" data-aria-posinset=\"1\" data-list-defn-props=\"{&quot;335552541&quot;:1,&quot;335559684&quot;:-2,&quot;335559685&quot;:720,&quot;335559991&quot;:360,&quot;469769226&quot;:&quot;Symbol&quot;,&quot;469769242&quot;:[8226],&quot;469777803&quot;:&quot;left&quot;,&quot;469777804&quot;:&quot;\uf0b7&quot;,&quot;469777815&quot;:&quot;hybridMultilevel&quot;}\" data-listid=\"2\" data-font=\"Symbol\" data-leveltext=\"\uf0b7\"><span data-contrast=\"auto\">Disponibles en varios colores<\/span><span data-ccp-props=\"{&quot;201341983&quot;:0,&quot;335559739&quot;:160,&quot;335559740&quot;:259}\">\u00a0<\/span><\/li>\n<\/ul>\n<h3><span data-contrast=\"auto\">Composici\u00f3n<\/span><\/h3>\n<p><span data-contrast=\"auto\">100% neopreno.<\/span><\/p>\n","protected":false},"excerpt":{"rendered":"<p><strong>MARCA: PICSIL<\/strong><br \/>\n<strong>Se venden en pares. No usar lavadora.<\/strong><\/p>\n<p>DESTRUYE TU RM DE SENTADILLA: Dise\u00f1adas espec\u00edficamente para dar estabilidad y compresi\u00f3n cuando realizas movimientos funcionales como la sentadilla o el peso muerto. Testeadas y aprobadas por Campeones de Powerlifting y Halterofilia.<\/p>\n<p>Para saber tu tama\u00f1o, mide la circunferencia de tu rodilla por la zona central.<\/p>\n<p><strong>Tallas:<\/strong><\/p>\n<ul>\n<li>S\u00a029,00cm \u2013 34,30cm<\/li>\n<li>M\u00a034,30cm \u2013 35,70cm<\/li>\n<li>L\u00a035,70cm \u2013 38,50cm<\/li>\n<li>XL\u00a038,50cm \u2013 41,5cm<\/li>\n<\/ul>\n","protected":false},"featured_media":2954,"comment_status":"open","ping_status":"closed","template":"","meta":[],"product_brand":[],"product_cat":[32,63],"product_tag":[173,167,172,171],"class_list":{"0":"post-2942","1":"product","2":"type-product","3":"status-publish","4":"has-post-thumbnail","6":"product_cat-accesorios-crossfit-crosstraing","7":"product_cat-rodilleras","8":"product_tag-rodilla-peso","9":"product_tag-rodilleras","10":"product_tag-salud-rodilla","11":"product_tag-sujecion-rodilla","12":"product_shipping_class-recogida-en-tienda","14":"first","15":"instock","16":"sale","17":"shipping-taxable","18":"purchasable","19":"product-type-variable"},"yoast_head":"<!-- This site is optimized with the Yoast SEO plugin v25.3 - https:\/\/yoast.com\/wordpress\/plugins\/seo\/ -->\n<title>Rodilleras Hex Tech | PICSIL - Tienda de CrossFit Vaskia<\/title>\n<meta name=\"robots\" content=\"index, follow, max-snippet:-1, max-image-preview:large, max-video-preview:-1\" \/>\n<link rel=\"canonical\" href=\"https:\/\/shop.crossfitvaskia.com\/?product=rodilleras-hex-tech-picsil\" \/>\n<meta property=\"og:locale\" content=\"es_ES\" \/>\n<meta property=\"og:type\" content=\"article\" \/>\n<meta property=\"og:title\" content=\"Rodilleras Hex Tech | PICSIL - Tienda de CrossFit Vaskia\" \/>\n<meta property=\"og:description\" content=\"MARCA: PICSIL Se venden en pares. No usar lavadora.  DESTRUYE TU RM DE SENTADILLA: Dise\u00f1adas espec\u00edficamente para dar estabilidad y compresi\u00f3n cuando realizas movimientos funcionales como la sentadilla o el peso muerto. Testeadas y aprobadas por Campeones de Powerlifting y Halterofilia.  Para saber tu tama\u00f1o, mide la circunferencia de tu rodilla por la zona central.  Tallas:   S\u00a029,00cm \u2013 34,30cm  M\u00a034,30cm \u2013 35,70cm  L\u00a035,70cm \u2013 38,50cm  XL\u00a038,50cm \u2013 41,5cm\" \/>\n<meta property=\"og:url\" content=\"https:\/\/shop.crossfitvaskia.com\/?product=rodilleras-hex-tech-picsil\" \/>\n<meta property=\"og:site_name\" content=\"Tienda de CrossFit Vaskia\" \/>\n<meta property=\"article:publisher\" content=\"https:\/\/www.facebook.com\/crossfitvaskia\" \/>\n<meta property=\"article:modified_time\" content=\"2025-11-24T08:55:10+00:00\" \/>\n<meta property=\"og:image\" content=\"https:\/\/shop.crossfitvaskia.com\/wp-content\/uploads\/sites\/5\/2023\/03\/rodilleras-crossfit-sevilla-picsil-negro.png\" \/>\n\t<meta property=\"og:image:width\" content=\"1508\" \/>\n\t<meta property=\"og:image:height\" content=\"1462\" \/>\n\t<meta property=\"og:image:type\" content=\"image\/png\" \/>\n<meta name=\"twitter:card\" content=\"summary_large_image\" \/>\n<meta name=\"twitter:site\" content=\"@crossfitvaskia\" \/>\n<script type=\"application\/ld+json\" class=\"yoast-schema-graph\">{\"@context\":\"https:\/\/schema.org\",\"@graph\":[{\"@type\":\"WebPage\",\"@id\":\"https:\/\/shop.crossfitvaskia.com\/?product=rodilleras-hex-tech-picsil\",\"url\":\"https:\/\/shop.crossfitvaskia.com\/?product=rodilleras-hex-tech-picsil\",\"name\":\"Rodilleras Hex Tech | PICSIL - Tienda de CrossFit Vaskia\",\"isPartOf\":{\"@id\":\"https:\/\/shop.crossfitvaskia.com\/#website\"},\"primaryImageOfPage\":{\"@id\":\"https:\/\/shop.crossfitvaskia.com\/?product=rodilleras-hex-tech-picsil#primaryimage\"},\"image\":{\"@id\":\"https:\/\/shop.crossfitvaskia.com\/?product=rodilleras-hex-tech-picsil#primaryimage\"},\"thumbnailUrl\":\"https:\/\/shop.crossfitvaskia.com\/wp-content\/uploads\/sites\/5\/2023\/03\/rodilleras-crossfit-sevilla-picsil-negro.png\",\"datePublished\":\"2023-03-08T20:00:09+00:00\",\"dateModified\":\"2025-11-24T08:55:10+00:00\",\"breadcrumb\":{\"@id\":\"https:\/\/shop.crossfitvaskia.com\/?product=rodilleras-hex-tech-picsil#breadcrumb\"},\"inLanguage\":\"es\",\"potentialAction\":[{\"@type\":\"ReadAction\",\"target\":[\"https:\/\/shop.crossfitvaskia.com\/?product=rodilleras-hex-tech-picsil\"]}]},{\"@type\":\"ImageObject\",\"inLanguage\":\"es\",\"@id\":\"https:\/\/shop.crossfitvaskia.com\/?product=rodilleras-hex-tech-picsil#primaryimage\",\"url\":\"https:\/\/shop.crossfitvaskia.com\/wp-content\/uploads\/sites\/5\/2023\/03\/rodilleras-crossfit-sevilla-picsil-negro.png\",\"contentUrl\":\"https:\/\/shop.crossfitvaskia.com\/wp-content\/uploads\/sites\/5\/2023\/03\/rodilleras-crossfit-sevilla-picsil-negro.png\",\"width\":1508,\"height\":1462},{\"@type\":\"BreadcrumbList\",\"@id\":\"https:\/\/shop.crossfitvaskia.com\/?product=rodilleras-hex-tech-picsil#breadcrumb\",\"itemListElement\":[{\"@type\":\"ListItem\",\"position\":1,\"name\":\"Portada\",\"item\":\"https:\/\/shop.crossfitvaskia.com\/\"},{\"@type\":\"ListItem\",\"position\":2,\"name\":\"TIENDA CROSSFIT\",\"item\":\"https:\/\/shop.crossfitvaskia.com\/\"},{\"@type\":\"ListItem\",\"position\":3,\"name\":\"Rodilleras Hex Tech | PICSIL\"}]},{\"@type\":\"WebSite\",\"@id\":\"https:\/\/shop.crossfitvaskia.com\/#website\",\"url\":\"https:\/\/shop.crossfitvaskia.com\/\",\"name\":\"Tienda de CrossFit Vaskia\",\"description\":\"Accesorios de CrossFit en el Aljarafe.\",\"publisher\":{\"@id\":\"https:\/\/shop.crossfitvaskia.com\/#organization\"},\"potentialAction\":[{\"@type\":\"SearchAction\",\"target\":{\"@type\":\"EntryPoint\",\"urlTemplate\":\"https:\/\/shop.crossfitvaskia.com\/?s={search_term_string}\"},\"query-input\":{\"@type\":\"PropertyValueSpecification\",\"valueRequired\":true,\"valueName\":\"search_term_string\"}}],\"inLanguage\":\"es\"},{\"@type\":\"Organization\",\"@id\":\"https:\/\/shop.crossfitvaskia.com\/#organization\",\"name\":\"Tienda de CrossFit Vaskia\",\"url\":\"https:\/\/shop.crossfitvaskia.com\/\",\"logo\":{\"@type\":\"ImageObject\",\"inLanguage\":\"es\",\"@id\":\"https:\/\/shop.crossfitvaskia.com\/#\/schema\/logo\/image\/\",\"url\":\"https:\/\/shop.crossfitvaskia.com\/wp-content\/uploads\/sites\/5\/2022\/11\/img-logo-vaskia.png\",\"contentUrl\":\"https:\/\/shop.crossfitvaskia.com\/wp-content\/uploads\/sites\/5\/2022\/11\/img-logo-vaskia.png\",\"width\":657,\"height\":681,\"caption\":\"Tienda de CrossFit Vaskia\"},\"image\":{\"@id\":\"https:\/\/shop.crossfitvaskia.com\/#\/schema\/logo\/image\/\"},\"sameAs\":[\"https:\/\/www.facebook.com\/crossfitvaskia\",\"https:\/\/x.com\/crossfitvaskia\",\"https:\/\/www.instagram.com\/crossfitvaskia\/\",\"https:\/\/www.youtube.com\/c\/CrossfitVaskia\"]}]}<\/script>\n<!-- \/ Yoast SEO plugin. -->","yoast_head_json":{"title":"Rodilleras Hex Tech | PICSIL - Tienda de CrossFit Vaskia","robots":{"index":"index","follow":"follow","max-snippet":"max-snippet:-1","max-image-preview":"max-image-preview:large","max-video-preview":"max-video-preview:-1"},"canonical":"https:\/\/shop.crossfitvaskia.com\/?product=rodilleras-hex-tech-picsil","og_locale":"es_ES","og_type":"article","og_title":"Rodilleras Hex Tech | PICSIL - Tienda de CrossFit Vaskia","og_description":"MARCA: PICSIL Se venden en pares. No usar lavadora.  DESTRUYE TU RM DE SENTADILLA: Dise\u00f1adas espec\u00edficamente para dar estabilidad y compresi\u00f3n cuando realizas movimientos funcionales como la sentadilla o el peso muerto. Testeadas y aprobadas por Campeones de Powerlifting y Halterofilia.  Para saber tu tama\u00f1o, mide la circunferencia de tu rodilla por la zona central.  Tallas:   S\u00a029,00cm \u2013 34,30cm  M\u00a034,30cm \u2013 35,70cm  L\u00a035,70cm \u2013 38,50cm  XL\u00a038,50cm \u2013 41,5cm","og_url":"https:\/\/shop.crossfitvaskia.com\/?product=rodilleras-hex-tech-picsil","og_site_name":"Tienda de CrossFit Vaskia","article_publisher":"https:\/\/www.facebook.com\/crossfitvaskia","article_modified_time":"2025-11-24T08:55:10+00:00","og_image":[{"width":1508,"height":1462,"url":"https:\/\/shop.crossfitvaskia.com\/wp-content\/uploads\/sites\/5\/2023\/03\/rodilleras-crossfit-sevilla-picsil-negro.png","type":"image\/png"}],"twitter_card":"summary_large_image","twitter_site":"@crossfitvaskia","schema":{"@context":"https:\/\/schema.org","@graph":[{"@type":"WebPage","@id":"https:\/\/shop.crossfitvaskia.com\/?product=rodilleras-hex-tech-picsil","url":"https:\/\/shop.crossfitvaskia.com\/?product=rodilleras-hex-tech-picsil","name":"Rodilleras Hex Tech | PICSIL - Tienda de CrossFit Vaskia","isPartOf":{"@id":"https:\/\/shop.crossfitvaskia.com\/#website"},"primaryImageOfPage":{"@id":"https:\/\/shop.crossfitvaskia.com\/?product=rodilleras-hex-tech-picsil#primaryimage"},"image":{"@id":"https:\/\/shop.crossfitvaskia.com\/?product=rodilleras-hex-tech-picsil#primaryimage"},"thumbnailUrl":"https:\/\/shop.crossfitvaskia.com\/wp-content\/uploads\/sites\/5\/2023\/03\/rodilleras-crossfit-sevilla-picsil-negro.png","datePublished":"2023-03-08T20:00:09+00:00","dateModified":"2025-11-24T08:55:10+00:00","breadcrumb":{"@id":"https:\/\/shop.crossfitvaskia.com\/?product=rodilleras-hex-tech-picsil#breadcrumb"},"inLanguage":"es","potentialAction":[{"@type":"ReadAction","target":["https:\/\/shop.crossfitvaskia.com\/?product=rodilleras-hex-tech-picsil"]}]},{"@type":"ImageObject","inLanguage":"es","@id":"https:\/\/shop.crossfitvaskia.com\/?product=rodilleras-hex-tech-picsil#primaryimage","url":"https:\/\/shop.crossfitvaskia.com\/wp-content\/uploads\/sites\/5\/2023\/03\/rodilleras-crossfit-sevilla-picsil-negro.png","contentUrl":"https:\/\/shop.crossfitvaskia.com\/wp-content\/uploads\/sites\/5\/2023\/03\/rodilleras-crossfit-sevilla-picsil-negro.png","width":1508,"height":1462},{"@type":"BreadcrumbList","@id":"https:\/\/shop.crossfitvaskia.com\/?product=rodilleras-hex-tech-picsil#breadcrumb","itemListElement":[{"@type":"ListItem","position":1,"name":"Portada","item":"https:\/\/shop.crossfitvaskia.com\/"},{"@type":"ListItem","position":2,"name":"TIENDA CROSSFIT","item":"https:\/\/shop.crossfitvaskia.com\/"},{"@type":"ListItem","position":3,"name":"Rodilleras Hex Tech | PICSIL"}]},{"@type":"WebSite","@id":"https:\/\/shop.crossfitvaskia.com\/#website","url":"https:\/\/shop.crossfitvaskia.com\/","name":"Tienda de CrossFit Vaskia","description":"Accesorios de CrossFit en el Aljarafe.","publisher":{"@id":"https:\/\/shop.crossfitvaskia.com\/#organization"},"potentialAction":[{"@type":"SearchAction","target":{"@type":"EntryPoint","urlTemplate":"https:\/\/shop.crossfitvaskia.com\/?s={search_term_string}"},"query-input":{"@type":"PropertyValueSpecification","valueRequired":true,"valueName":"search_term_string"}}],"inLanguage":"es"},{"@type":"Organization","@id":"https:\/\/shop.crossfitvaskia.com\/#organization","name":"Tienda de CrossFit Vaskia","url":"https:\/\/shop.crossfitvaskia.com\/","logo":{"@type":"ImageObject","inLanguage":"es","@id":"https:\/\/shop.crossfitvaskia.com\/#\/schema\/logo\/image\/","url":"https:\/\/shop.crossfitvaskia.com\/wp-content\/uploads\/sites\/5\/2022\/11\/img-logo-vaskia.png","contentUrl":"https:\/\/shop.crossfitvaskia.com\/wp-content\/uploads\/sites\/5\/2022\/11\/img-logo-vaskia.png","width":657,"height":681,"caption":"Tienda de CrossFit Vaskia"},"image":{"@id":"https:\/\/shop.crossfitvaskia.com\/#\/schema\/logo\/image\/"},"sameAs":["https:\/\/www.facebook.com\/crossfitvaskia","https:\/\/x.com\/crossfitvaskia","https:\/\/www.instagram.com\/crossfitvaskia\/","https:\/\/www.youtube.com\/c\/CrossfitVaskia"]}]}},"jetpack_sharing_enabled":true,"_links":{"self":[{"href":"https:\/\/shop.crossfitvaskia.com\/index.php?rest_route=\/wp\/v2\/product\/2942","targetHints":{"allow":["GET"]}}],"collection":[{"href":"https:\/\/shop.crossfitvaskia.com\/index.php?rest_route=\/wp\/v2\/product"}],"about":[{"href":"https:\/\/shop.crossfitvaskia.com\/index.php?rest_route=\/wp\/v2\/types\/product"}],"replies":[{"embeddable":true,"href":"https:\/\/shop.crossfitvaskia.com\/index.php?rest_route=%2Fwp%2Fv2%2Fcomments&post=2942"}],"wp:featuredmedia":[{"embeddable":true,"href":"https:\/\/shop.crossfitvaskia.com\/index.php?rest_route=\/wp\/v2\/media\/2954"}],"wp:attachment":[{"href":"https:\/\/shop.crossfitvaskia.com\/index.php?rest_route=%2Fwp%2Fv2%2Fmedia&parent=2942"}],"wp:term":[{"taxonomy":"product_brand","embeddable":true,"href":"https:\/\/shop.crossfitvaskia.com\/index.php?rest_route=%2Fwp%2Fv2%2Fproduct_brand&post=2942"},{"taxonomy":"product_cat","embeddable":true,"href":"https:\/\/shop.crossfitvaskia.com\/index.php?rest_route=%2Fwp%2Fv2%2Fproduct_cat&post=2942"},{"taxonomy":"product_tag","embeddable":true,"href":"https:\/\/shop.crossfitvaskia.com\/index.php?rest_route=%2Fwp%2Fv2%2Fproduct_tag&post=2942"}],"curies":[{"name":"wp","href":"https:\/\/api.w.org\/{rel}","templated":true}]}}